79
83884 (base 16) to base 8
2034204
What is -4473765 (base 8) in base 10?
-1210357
-1212021120101 (base 3) to base 11
-616609
What is 120110201101 (base 3) in base 2?
1001010010110000100
-112130424 (base 5) to base 3
-221122212221
Convert -3043431210 (base 5) to base 4.
-113301303121
323572 (base 9) to base 11
121a48
Convert -6173711 (base 9) to base 10.
-3296386
-231220223212 (base 4) to base 15
-10b495a
What is -1202011121102 (base 3) in base 16?
-e2acc
-44424132 (base 5) to base 3
-201210000020
98729 (base 15) to base 9
817223
Convert -7b2e17 (base 15) to base 9.
-12055144
What is bdce3 (base 15) in base 12?
251413
-7a711a (base 12) to base 4
-13132313212
Convert 43c31 (base 13) to base 5.
12413103
What is 142544140 (base 6) in base 15?
3d0640
Convert -132202310323 (base 4) to base 5.
-4022210341
What is 78587 (base 10) in base 2?
10011001011111011
What is -160240642 (base 7) in base 4?
-221000122201
What is 12121002202201 (base 3) in base 16?
2d61c6
Convert -34262 (base 11) to base 7.
-264324
What is 153412515 (base 6) in base 3?
20010020022002
Convert 333023013213 (base 4) to base 15.
16c1cb0
-196dd7 (base 16) to base 8
-6266727
What is 2ec09a (base 16) in base 4?
23230002122
What is -475051 (base 8) in base 7?
-1244211
-346284 (base 9) to base 15
-4196d
Convert -222201201021 (base 3) to base 9.
-881637
-174146 (base 8) to base 5
-4013330
What is 12010102222 (base 3) in base 13?
36c26
Convert -311242414 (base 5) to base 13.
-3582a6
What is 18a283 (base 14) in base 9?
1570600
-8a9467 (base 14) to base 16
-47e783
3365116 (base 7) to base 15
844a1
5034134 (base 6) to base 4
322020022
-b57d2 (base 15) to base 14
-10da4a
-23336 (base 10) to base 15
-6dab
Convert -318143 (base 9) to base 12.
-91910
What is 3168665 (base 9) in base 12?
69b34b
-379a8 (base 11) to base 7
-314511
8b0bb7 (base 13) to base 4
30202113330
What is -476280 (base 9) in base 3?
-112120022200
Convert -110644 (base 7) to base 11.
-13749
54599 (base 10) to base 2
1101010101000111
Convert 1680012 (base 9) to base 6.
32035402
What is -37b44c (base 16) in base 6?
-210125032
Convert -1a4b2 (base 12) to base 5.
-2214401
Convert -353775 (base 11) to base 9.
-1044834
112003534 (base 6) to base 11
1182a93
What is -103010210001 (base 4) in base 15?
-68b4a0
What is -581691 (base 11) in base 5?
-214041130
Convert -3cf1e (base 16) to base 12.
-100566
What is 42143222 (base 6) in base 12?
4b1b12
What is 1490982 (base 10) in base 3?
2210202020120
1725a (base 12) to base 15
9c7a
Convert 113222 (base 7) to base 4.
10331333
Convert -8d752 (base 14) to base 8.
-1240574
What is 457626 (base 12) in base 4?
10033132332
215427 (base 11) to base 2
1010011111101100111
What is 3323122444 (base 5) in base 2?
11011100111010111010100
10636c (base 14) to base 9
1035245
Convert -35610 (base 13) to base 16.
-17d9f
Convert -3812360 (base 10) to base 11.
-2174312
-3312313 (base 6) to base 12
-7b699
Convert 16289662 (base 10) to base 13.
34b466c
What is -5675 (base 13) in base 2?
-10111100111111
800751 (base 9) to base 2
1110011011110101101
What is -16454045 (base 8) in base 10?
-3823653
What is -4004a (base 14) in base 10?
-153730
What is 7743840 (base 9) in base 5?
2031200140
-10112130220 (base 4) to base 14
-2198da
22012100101 (base 4) to base 14
4cc957
What is -156b54 (base 13) in base 10?
-529208
What is 102211020210 (base 3) in base 9?
384223
What is -322123102 (base 4) in base 3?
-110011021111
Convert 23b36 (base 14) to base 13.
3094c
1782040 (base 12) to base 9
10183623
What is -6bded3 (base 15) in base 12?
-188a390
Convert -1625411 (base 10) to base 6.
-54501015
-241003430 (base 5) to base 9
-2071403
What is -14034320 (base 6) in base 5?
-110041212
-3355 (base 7) to base 5
-14331
Convert -110202021210102 (base 3) to base 8.
-31663471
What is 6033463 (base 8) in base 6?
54003111
-524e (base 15) to base 12
-a09b
Convert -1170638 (base 9) to base 8.
-2334012
42840 (base 10) to base 16
a758
Convert 4471353 (base 8) to base 7.
13163656
What is 21c58 (base 15) in base 10?
107408
-2248679 (base 10) to base 8
-10447747
-419e2 (base 15) to base 5
-23124422
10242022 (base 5) to base 10
87137
56265 (base 15) to base 16
42e00
Convert 22518 (base 14) to base 16.
1457a
What is 1640434 (base 7) in base 13?
7cbca
-1332033332 (base 4) to base 2
-1111110001111111110
Convert 39bc3 (base 16) to base 13.
83840
200100220201221 (base 3) to base 13
2039c14
Convert 101011011000110101010 (base 2) to base 7.
15041003
What is -349902 (base 11) in base 6?
-15520243
What is 23310323031 (base 4) in base 13?
847248
What is -523101141 (base 6) in base 7?
-140254012
255d9 (base 14) to base 15
1c29d
Convert 141512 (base 9) to base 15.
1a928
Convert 22007 (base 10) to base 6.
245515
574140 (base 13) to base 16
1f83f9
What is -4522540 (base 6) in base 3?
-102121202120
Convert 3332003 (base 6) to base 15.
349e9
53c85 (base 14) to base 8
614035
3255360 (base 8) to base 14
18ad7a
Convert -1c192 (base 15) to base 5.
-10411422
Convert 138cd5 (base 14) to base 8.
2453273
Convert -105011131 (base 6) to base 4.
-13103121133
Convert 1311331 (base 6) to base 16.
117c7
3130251 (base 10) to base 16
2fc38b
What is -486b1 (base 12) in base 2?
-10111110111100101
What is -1132011343 (base 5) in base 14?
-4bd367
What is 243144542 (base 6) in base 10?
4632974
1a517 (base 15) to base 9
140274
-447b (base 14) to base 7
-46414
What is 144503035 (base 7) in base 5?
4430132114
-1102223 (base 6) to base 3
-2210101020
Convert 6573082 (base 9) to base 7.
42010415
What is -9a532 (base 12) in base 8?
-617566
Convert -314c (base 13) to base 2.
-1101010101000
Convert -32b8077 (base 12) to base 6.
-543504231
Convert -216f5 (base 16) to base 12.
-67305
Convert -241d12 (base 14) to base 9.
-2281520
What is 20223012100 (base 4) in base 2?
1000101011000110010000
Convert -102811 (base 12) to base 13.
-8b495
10000000101111001000 (base 2) to base 8
2005710
What is -120b303 (base 14) in base 10?
-8635959
Convert -120121102110010 (base 3) to base 8.
-37510751
What is 3310210 (base 5) in base 2?
1101111001100010
-160616 (base 7) to base 14
-b6b6
What is -c7c5b (base 16) in base 9?
-1476405
108524 (base 9) to base 16
ff1c
101001111110000100101 (base 2) to base 15
1c2749
What is 143631 (base 9) in base 7?
514354
Convert -5662605 (base 10) to base 4.
-111212132031
Convert -1278057 (base 9) to base 2.
-10101011001110100110
-12065247 (base 8) to base 11
-154a049
-104414232 (base 5) to base 8
-1617601
Convert 363276 (base 8) to base 14.
335a6
-5153230 (base 6) to base 4
-330213102
-252467 (base 8) to base 2
-10101010100110111
What is -1110010011111011011010 (base 2) in base 7?
-43613506
What is -c7d10 (base 14) in base 4?
-1311313022
Convert 2130014 (base 6) to base 5.
11324421
Convert -404430 (base 9) to base 12.
-b66b3
What is 513202 (base 9) in base 15?
601c2
Convert 113c16 (base 14) to base 4.
2033101130
What is 133452231 (base 6) in base 8?
12224433
What is -4564425 (base 9) in base 5?
-1112314023
What is 73a7d (base 14) in base 2?
1000100001010101111
Convert 101211021122200 (base 3) to base 16.
57c8b8
Convert -1b492c (base 15) to base 14.
-2694db
Convert -1207f1 (base 16) to base 13.
-324b27
What is 323273 (base 9) in base 2?
101111000010101100
What is 975083 (base 12) in base 9?
4447080
What is 1930b89 (base 12) in base 2?
10100001011010110011001
204142140 (base 5) to base 7
10136113
What is -a8aae (base 16) in base 13?
-1b25c3
What is 23226551 (base 8) in base 14?
959385
1223200313 (base 4) to base 8
1534067
Convert 110303012 (base 4) to base 9.
138765
131030530 (base 6) to base 10
2570166
What is -36230 (base 13) in base 11?
-68620
11111010111001000 (base 2) to base 8
372710
1000011111110000010 (base 2) to base 5
32402102
-1424204321 (base 5) to base 11
-2125911
Convert 20022022202011 (base 3) to base 6.
155504434
93275 (base 10) to base 16
16c5b
What is -1314335 (base 6) in base 3?
-10200010212
What is -303160 (base 8) in base 7?
-564256
What is -10202233101 (base 4) in base 14?
-22ddbb
What is -12221521 (base 6) in base 13?
-109447
Convert 1588458 (base 11) to base 16.
2946f3
Convert 711875 (base 10) to base 13.
1bc038
Convert -8ba57 (base 12) to base 4.
-231200203
Convert 126591 (base 12) to base 10.
301501
Convert 119494 (base 12) to base 3.
112112001111
What is -